divided by 270?
267
What is the remainder when 24944 is divided by 198?
194
Calculate the remainder when 17827 is divided by 807.
73
What is the remainder when 7409 is divided by 2326?
431
Calculate the remainder when 25660 is divided by 12733.
194
What is the remainder when 796 is divided by 766?
30
What is the remainder when 9596878 is divided by 20?
18
Calculate the remainder when 9550340 is divided by 61.
58
Calculate the remainder when 160 is divided by 133.
27
Calculate the remainder when 28886 is divided by 30.
26
Calculate the remainder when 31430 is divided by 90.
20
Calculate the remainder when 9065 is divided by 119.
21
Calculate the remainder when 2438 is divided by 637.
527
Calculate the remainder when 80239 is divided by 343.
320
What is the remainder when 23752 is divided by 699?
685
What is the remainder when 37645 is divided by 6270?
25
Calculate the remainder when 284454 is divided by 62.
60
What is the remainder when 13623 is divided by 1202?
401
What is the remainder when 50246 is divided by 20?
6
What is the remainder when 1512430 is divided by 216?
214
What is the remainder when 9163 is divided by 4493?
177
What is the remainder when 102270 is divided by 201?
162
Calculate the remainder when 2331 is divided by 1646.
685
Calculate the remainder when 30757 is divided by 91.
90
What is the remainder when 8081 is divided by 4014?
53
What is the remainder when 173384 is divided by 510?
494
What is the remainder when 2434 is divided by 1198?
38
Calculate the remainder when 2249 is divided by 491.
285
What is the remainder when 5432 is divided by 2690?
52
Calculate the remainder when 16509 is divided by 8225.
59
Calculate the remainder when 852498 is divided by 13.
10
Calculate the remainder when 620 is divided by 108.
80
What is the remainder when 1247847 is divided by 177?
174
What is the remainder when 134200 is divided by 860?
40
Calculate the remainder when 2165 is divided by 53.
45
What is the remainder when 1901 is divided by 318?
311
What is the remainder when 109091 is divided by 57?
50
What is the remainder when 1856293 is divided by 45?
43
What is the remainder when 45937 is divided by 741?
736
What is the remainder when 9786 is divided by 273?
231
Calculate the remainder when 14199 is divided by 429.
42
What is the remainder when 671007 is divided by 67?
2
What is the remainder when 695798 is divided by 490?
488
Calculate the remainder when 10238 is divided by 445.
3
Calculate the remainder when 1467 is divided by 204.
39
What is the remainder when 6683 is divided by 1666?
19
Calculate the remainder when 3422 is divided by 311.
1
What is the remainder when 2726 is divided by 300?
26
What is the remainder when 106779 is divided by 32?
27
What is the remainder when 1886595 is divided by 50?
45
Calculate the remainder when 127525 is divided by 14169.
4
Calculate the remainder when 4643 is divided by 235.
178
What is the remainder when 9923 is divided by 3303?
14
Calculate the remainder when 844463 is divided by 146.
145
Calculate the remainder when 24014 is divided by 632.
630
What is the remainder when 751078 is divided by 250346?
40
Calculate the remainder when 391597 is divided by 195793.
11
What is the remainder when 55013 is divided by 54927?
86
What is the remainder when 8005 is divided by 148?
13
What is the remainder when 137226 is divided by 203?
201
What is the remainder when 1150 is divided by 245?
170
What is the remainder when 5901 is divided by 273?
168
Calculate the remainder when 5607735 is divided by 339.
336
Calculate the remainder when 316509 is divided by 63.
60
Calculate the remainder when 132101 is divided by 674.
671
What is the remainder when 11469 is divided by 517?
95
Calculate the remainder when 12503 is divided by 26.
23
Calculate the remainder when 6680 is divided by 54.
38
Calculate the remainder when 23019 is divided by 295.
9
Calculate the remainder when 21051 is divided by 174.
171
Calculate the remainder when 837 is divided by 530.
307
What is the remainder when 36031 is divided by 2773?
2755
Calculate the remainder when 23020 is divided by 3285.
25
What is the remainder when 577 is divided by 62?
19
Calculate the remainder when 506978 is divided by 10.
8
Calculate the remainder when 3718679 is divided by 760.
759
What is the remainder when 968 is divided by 133?
37
What is the remainder when 37572 is divided by 4173?
15
Calculate the remainder when 28270 is divided by 28258.
12
Calculate the remainder when 535497 is divided by 42.
39
Calculate the remainder when 470261 is divided by 117562.
13
Calculate the remainder when 106321 is divided by 5906.
13
Calculate the remainder when 2628 is divided by 178.
136
Calculate the remainder when 4215 is divided by 97.
44
What is the remainder when 274 is divided by 239?
35
What is the remainder when 2006 is divided by 35?
11
Calculate the remainder when 36189 is divided by 1208.
1157
Calculate the remainder when 2272 is divided by 189.
4
What is the remainder when 187675 is divided by 27?
25
Calculate the remainder when 32344 is divided by 1199.
1170
Calculate the remainder when 1241 is divided by 379.
104
What is the remainder when 6602724 is divided by 418?
414
What is the remainder when 35284 is divided by 41?
24
Calculate the remainder when 370775 is divided by 338.
327
Calculate the remainder when 8761 is divided by 6.
1
What is the remainder when 5819 is divided by 413?
37
Calculate the remainder when 1891 is divided by 480.
451
Calculate the remainder when 118929 is divided by 73.
12
What is the remainder when 1753 is divided by 165?
103
What is the remainder when 28164 is divided by 28051?
113
What is the remainder when 408 is divided by 214?
194
What is the remainder when 121870 is divided by 152?
118
Calculate the remainder when 456340 is divided by 114.
112
What is the remainder when 53231 is divided by 12?
11
Calculate the remainder when 1624923 is divided by 1643.
1639
Calculate the remainder when 34934 is divided by 181.
1
What is the remainder when 2047533 is divided by 89023?
4
What is the remainder when 28396 is divided by 14192?
12
What is the remainder when 37485 is divided by 6247?
3
Calculate the remainder when 2284 is divided by 2240.
44
What is the remainder when 11125 is divided by 5538?
49
What is the remainder when 1707 is divided by 77?
13
What is the remainder when 1546 is divided by 167?
43
What is the remainder when 7415 is divided by 414?
377
Calculate the remainder when 12681 is divided by 317.
1
Calculate the remainder when 672646 is divided by 63.
58
What is the remainder when 20843 is divided by 10415?
13
Calculate the remainder when 671961 is divided by 263.
259
What is the remainder when 19635 is divided by 89?
55
Calculate the remainder when 389154 is divided by 539.
535
What is the remainder when 3049 is divided by 2047?
1002
Calculate the remainder when 1998 is divided by 41.
30
What is the remainder when 1889 is divided by 609?
62
Calculate the remainder when 122373 is divided by 125.
123
What is the remainder when 4623 is divided by 22?
3
Calculate the remainder when 2625 is divided by 58.
15
What is the remainder when 58529 is divided by 17?
15
What is the remainder when 17644 is divided by 101?
70
What is the remainder when 3003978 is divided by 86?
84
What is the remainder when 2453 is divided by 46?
15
What is the remainder when 6877 is divided by 6363?
514
What is the remainder when 9802 is divided by 2400?
202
What is the remainder when 1184 is divided by 1140?
44
What is the remainder when 601045 is divided by 50?
45
Calculate the remainder when 1187 is divided by 170.
167
What is the remainder when 3469 is divided by 313?
26
Calculate the remainder when 14376 is divided by 102.
96
What is the remainder when 345 is divided by 48?
9
What is the remainder when 10304 is divided by 10271?
33
What is the remainder when 38845 is divided by 6473?
7
What is the remainder when 17996 is divided by 1?
0
Calculate the remainder when 2488 is divided by 165.
13
What is the remainder when 85800 is divided by 383?
8
What is the remainder when 23954 is divided by 11964?
26
What is the remainder when 18315 is divided by 9154?
7
What is the remainder when 3538 is divided by 211?
162
Calculate the remainder when